 - 0?
1
Let x = 15 + -11. Let f(y) = -x - 17*y**3 - 3*y**2 - 4*y + 13*y**3 - y. What is the units digit of f(-2)?
6
Suppose 182 + 42 = v - i, 0 = -v + 5*i + 204. What is the units digit of v?
9
Let n(c) = 107*c**3 + c. What is the units digit of n(1)?
8
Suppose 2*p - 3*m - 19 = 0, 0 = -3*p - p - m + 3. Suppose -2*w - p = -0. Let a = 7 + w. What is the units digit of a?
6
Let y(h) = -h**2 - 29*h - 17. Let k be ((-12)/9)/(2/12). What is the units digit of y(k)?
1
Suppose -2*n + 9 = -11*n. What is the units digit of (-37)/n + (2 - 3)?
6
Let v be (-229)/(-3) - 14/(-21). Let c(w) = 2*w - 7. Let k be c(6). Suppose k*h = v + 28. What is the units digit of h?
1
Suppose -157 = -48*g + 24995. What is the tens digit of g?
2
Let q(d) = d**3 - d**2. Let a be q(2). Suppose a*p - 478 = 2*h, -2*h + 52 = -2*p + 288. What is the tens digit of p?
2
Suppose 72530 + 4110 = 32*a. What is the tens digit of a?
9
Let b be (5/2)/((-2)/(-4)). Suppose -4*m + b = -11. Suppose 3*q = m*u - 0*q - 51, -3*u + 2*q = -39. What is the tens digit of u?
1
Suppose 2*w = -w - 24. What is the units digit of (-290)/w - (-6)/(-24)?
6
What is the thousands digit of 104184/69 + 24/276?
1
Let r(w) = 10*w + 1. Let y be r(1). Let l(d) = -d + 11. Let i be l(y). What is the units digit of 4/(-2) + (33 - i)?
1
Let m(t) = -3*t**2 - 36*t + 3. Let d be m(-12). Let p(a) = 6*a + 10. What is the tens digit of p(d)?
2
Let d = 37 - 33. Suppose j = -d*j + 60. What is the tens digit of j?
1
Let z be 136/(-12) - (-2)/(-3). Let y = z - -14. Suppose -h - y*w + 90 = 3*h, -h = 3*w - 20. What is the tens digit of h?
2
Suppose 14*h - 11*h - 285 = -q, 0 = -5*q + 3*h + 1443. What is the tens digit of q?
8
Let s(n) = 11*n**2 - 23*n - 105. What is the tens digit of s(-19)?
0
Let s(a) = a**3 + 11*a**2 + 7*a + 18. What is the tens digit of s(-10)?
4
Let a = -251 + 490. What is the hundreds digit of a?
2
What is the tens digit of (-4)/(-10) - 34244/(-140)?
4
Let q = 21 + -10. Let w(f) = 11*f + 17. What is the units digit of w(q)?
8
Suppose g - s - 2 = -0*g, 0 = 5*s - 5. Suppose g*z + 178 = 5*z. What is the units digit of z?
9
Let x be (6/7)/(5/315). Suppose -3*b + 38 = -4*f, b + 2*f = 6*b - x. Suppose 2*h = -3*v - 2*v + 25, -2*v = 3*h - b. What is the units digit of v?
5
Suppose 2*y - 4*y = -10. Suppose y*v - 308 - 52 = 0. What is the tens digit of v?
7
Let x(n) = -48 - 19*n - 12*n + 44*n. What is the units digit of x(5)?
7
What is the tens digit of -4 - (2 + (-3 - -3) + -913)?
0
Let p = -15 - -11. Let z = 24 - p. Let j = z + -15. What is the tens digit of j?
1
Let x(v) = -3*v + 17. Let c = -15 + 5. What is the tens digit of x(c)?
4
Suppose -5*z = -4*m - 1602, -7*m + 3*m + 624 = 2*z. What is the hundreds digit of z?
3
Suppose 3*r + f + 0*f = 1601, 2*r - 1056 = 5*f. What is the tens digit of r?
3
What is the tens digit of 727/((1 + 0)*(21 + -20))?
2
Suppose 3*j - 55 = -4*s - 0*j, -5*s - 2*j = -60. Let a be 4/s - (-40)/25. Suppose 5 = a*p + 3. What is the units digit of p?
1
Let z = 17 + 92. Suppose 5*s - 449 + z = 0. What is the tens digit of s?
6
What is the units digit of -2 + 3 + (-4 + 3)*-217?
8
What is the thousands digit of (-8 + 1 + -6)/((-3)/399)?
1
Let i = 64 - 33. Let r = i + -55. Let k = -2 - r. What is the tens digit of k?
2
Suppose -4*h = s - 5965, 4*s = 2 - 14. What is the thousands digit of h?
1
Let z = 3216 + -1881. What is the thousands digit of z?
1
Let w = 13 + 52. Suppose -3*v + w = 3*c - 391, -2*v = -2*c - 324. What is the units digit of v?
7
Let z(p) be the first derivative of 9/2*p**2 + 15*p + 6. What is the units digit of z(7)?
8
Let p = 9 - -164. Let t = p - 37. What is the tens digit of t?
3
Let d = -3 - -1. Let c be (-4)/(-16) + d/8. Suppose c - 6 = -2*w. What is the units digit of w?
3
Suppose -2 - 6 = -2*i + 2*l, -2*i + 3*l = -12. Let y = 27 + -25. Suppose 3*v - 5*a - 62 = 75, -y*v - 3*a + 85 = i. What is the units digit of v?
4
Suppose 3*z + 507 = -0*o + 2*o, -3*o + 766 = z. Suppose 13*v - 8*v - o = 0. What is the units digit of v?
1
Suppose -12*i + 81 = -11*i. What is the units digit of i?
1
Let c = 675 + -254. What is the hundreds digit of c?
4
Suppose -5*p - 20 = 50. What is the units digit of (-34)/p - 6/14?
2
Let q(b) = -312*b + 5. What is the tens digit of q(-1)?
1
Let n(u) = 6*u**2 - 4*u + 8*u + u**3 - 8 + 4. Let t be n(-5). What is the tens digit of (62/t - 2) + -2?
5
Let t(s) = 0*s - s + 6 - s + 38. What is the tens digit of t(15)?
1
Let t(c) = -c**3 - 3*c**2 + 3. Let v be t(3). Let j = 80 + v. What is the units digit of j?
9
Let x be (-68)/(-11) - (-14)/(-77). Suppose 3*w + 3*b - 5*b = 9, 0 = 2*w - b - x. Suppose 2*l - 26 = -w*p, -4*p = l - 19 - 19. What is the tens digit of p?
1
Let m = -59 + 87. Suppose 2 = -k - 16. Let p = m + k. What is the tens digit of p?
1
Suppose j - 11 - 33 = -5*m, 0 = -j + 5*m + 4. Suppose -w = -5*r - j, -15 = 4*r + r. What is the units digit of w?
9
Suppose 0 = -9*k + 5 + 310. Suppose -j + 2*l = 13 - k, 3*j - 52 = -l. What is the units digit of j?
8
Let f = -43 - -46. Let t = -5 - -10. Let c = t - f. What is the units digit of c?
2
Let p(r) = 56*r**2 + 4*r + 10. Let s be p(-3). What is the tens digit of (s/(-8))/(14/(-56))?
5
Let b = -9 - -9. Let g(y) = 19*y**3 + b*y**2 + 3*y**2 + 2*y**2 - 4*y**2 - y + 1. What is the units digit of g(1)?
0
Suppose -2 = -r + q, -4*q + 25 = 2*r - 9. Let m be 30/(-105) - 82/r. What is the units digit of 1 - (-22 + m/(-4))?
0
Let j be (3/((-12)/(-10)))/((-8)/(-16)). Suppose -k + 0*k = 4*o - 321, -5*k = j*o - 420. What is the units digit of o?
9
Let t(r) = -29*r**3 + 2*r**2 - 1. Let o be t(-1). Let h = o + -1. What is the units digit of h?
9
Let z be (-2886)/(-65) - 3/(-5). Suppose -z = -5*y + 2*y. What is the units digit of y?
5
Suppose 11 + 11 = 11*l. Suppose l*k - 91 = 193. What is the units digit of k?
2
Let j = -181 + 126. What is the units digit of (-2 - j) + 2 + -5?
0
Suppose -3*d = -6*d - 12. Let k(x) = -5*x**2 + 7*x + 7. Let n be k(d). What is the tens digit of n/(-7) + (-9)/21?
1
Suppose -15*p = -18*p - 285. Let d = 170 - p. What is the units digit of d?
5
Let g be 2*(-1)/(-2)*-4. Let h be 2 + 704/(-12) + (-1)/3. What is the units digit of g/4 - (1 + h)?
5
What is the units digit of (30/(-45))/(6/(-3087))?
3
Let z = -37 + 40. Suppose -4*n - b = -103, n = 2*n - z*b - 29. What is the units digit of n?
6
Let q be (-10)/(-15) + (-69)/9. Let b(d) be the second derivative of -d**5/20 - 2*d**4/3 - 5*d**3/3 + d**2/2 + 24*d. What is the units digit of b(q)?
2
Let h = -59 - -420. What is the hundreds digit of h?
3
Let a = -10 - -26. Let i be 10/a*-2*-24. Suppose 4*v = 6*v - i. What is the tens digit of v?
1
Suppose l - 162 = 3*f, -l + 3*f - 846 = -6*l. Let t = l + -110. What is the tens digit of t?
5
Suppose -2*l + 155 = k - 682, -2*k + 1681 = -3*l. What is the hundreds digit of k?
8
Let k = 758 + 147. What is the units digit of k?
5
Let p(a) = 95*a**3 - 3*a**2 - 11*a**3 + 2*a**2 + a. Let u be p(1). Suppose 6*k = 2*k + u. What is the tens digit of k?
2
Let s = 26 + -24. Let j(n) = 4*n**3 + 2*n**2 - 2*n. What is the units digit of j(s)?
6
Let o(s) = s**3 + 7*s**2 + 7*s + 4. Let i = 23 - 28. What is the units digit of o(i)?
9
Let j(g) = -1. Let x(o) = 34*o. Let f(a) = j(a) - x(a). Let k be f(-5). What is the tens digit of (0 - -1)/(13/k)?
1
Suppose -5*i = -2*x - 3425, -2*i + 1661 - 291 = x. What is the units digit of i?
5
Let r = -1302 - -2743. What is the units digit of r?
1
Let w(m) = m**2 + 4*m - 7. Let n be w(-5). Let l be n*(-3)/(-12)*-4. Suppose 3*r = -2*x + 81, 5*r + l = 7. What is the tens digit of x?
3
Suppose -1282 - 116 = -6*z. Suppose -z = -5*f + 157. What is the units digit of f?
8
Suppose 8 = -0*m + 4*m. Suppose -i + m*i - 3*g - 17 = 0, -4*i - 5*g + 51 = 0. What is the tens digit of i?
1
Let x = -843 + 1195. What is the units digit of x?
2
Suppose 5*u = o + 4*o - 490, 2*o - 3*u - 193 = 0. Suppose -2*p + o = -b, -2*p - 2*b + 121 = -7*b. What is the tens digit of p?
4
Let t = 15 - 38. Let a = -20 - t. Let v(p) = 11*p - 3. What is the units digit of v(a)?
0
Suppose 0 = 5*u + 2*b - 990, 0*b = -5*u + 5*b + 1025. What is the units digit of u?
0
Let m(j) = j + 5. Let s be m(5). What is the hundreds digit of s*(4 - (-470)/25)?
2
Suppose 2*s = 3*g + 6, 9 = 5*s + 4*g - 6. Suppose 2*x - 190 = 2*b + s*b, x - 2*b = 97. 